 when 25316 is divided by 246?
224
Calculate the remainder when 31445 is divided by 1017.
935
Calculate the remainder when 189274 is divided by 71.
59
What is the remainder when 1078 is divided by 165?
88
What is the remainder when 15134 is divided by 1796?
766
What is the remainder when 32752 is divided by 16339?
74
Calculate the remainder when 10822 is divided by 52.
6
Calculate the remainder when 1994255 is divided by 107.
96
Calculate the remainder when 8036 is divided by 3926.
184
Calculate the remainder when 3296 is divided by 205.
16
Calculate the remainder when 614 is divided by 228.
158
What is the remainder when 8242 is divided by 55?
47
Calculate the remainder when 70560 is divided by 55.
50
Calculate the remainder when 32781 is divided by 8166.
117
What is the remainder when 134361 is divided by 44783?
12
What is the remainder when 5927 is divided by 733?
63
What is the remainder when 788986 is divided by 7514?
16
What is the remainder when 3103 is divided by 1039?
1025
What is the remainder when 308245 is divided by 30?
25
Calculate the remainder when 4958 is divided by 4738.
220
What is the remainder when 139808 is divided by 310?
308
Calculate the remainder when 378774 is divided by 236.
230
What is the remainder when 616 is divided by 160?
136
What is the remainder when 1173 is divided by 16?
5
Calculate the remainder when 513003 is divided by 216.
3
Calculate the remainder when 37666 is divided by 18793.
80
What is the remainder when 17363 is divided by 3?
2
What is the remainder when 8086 is divided by 17?
11
Calculate the remainder when 2491 is divided by 17.
9
Calculate the remainder when 21273 is divided by 2658.
9
What is the remainder when 10512 is divided by 89?
10
What is the remainder when 138577 is divided by 13855?
27
Calculate the remainder when 1906 is divided by 190.
6
What is the remainder when 11352 is divided by 103?
22
Calculate the remainder when 216196 is divided by 2428.
104
What is the remainder when 465624 is divided by 47?
42
Calculate the remainder when 12304 is divided by 4098.
10
What is the remainder when 2117 is divided by 528?
5
What is the remainder when 7162 is divided by 3563?
36
What is the remainder when 2458 is divided by 353?
340
Calculate the remainder when 63561 is divided by 3321.
462
What is the remainder when 103370 is divided by 15?
5
Calculate the remainder when 130285 is divided by 49.
43
What is the remainder when 23327 is divided by 1014?
5
What is the remainder when 545368 is divided by 1029?
1027
Calculate the remainder when 895138 is divided by 447564.
10
Calculate the remainder when 66077 is divided by 18.
17
What is the remainder when 3134 is divided by 261?
2
Calculate the remainder when 9867 is divided by 111.
99
Calculate the remainder when 26870 is divided by 13430.
10
Calculate the remainder when 40637 is divided by 160.
157
Calculate the remainder when 22498 is divided by 12.
10
Calculate the remainder when 16849 is divided by 1.
0
Calculate the remainder when 6738 is divided by 539.
270
What is the remainder when 43262 is divided by 3327?
11
What is the remainder when 27077 is divided by 153?
149
Calculate the remainder when 279 is divided by 14.
13
Calculate the remainder when 1102 is divided by 650.
452
What is the remainder when 27361 is divided by 25?
11
What is the remainder when 3725976 is divided by 931493?
4
Calculate the remainder when 46925 is divided by 56.
53
What is the remainder when 12522 is divided by 2325?
897
Calculate the remainder when 1251107 is divided by 305.
302
What is the remainder when 169708 is divided by 17?
14
What is the remainder when 5890 is divided by 173?
8
Calculate the remainder when 140533 is divided by 943.
26
Calculate the remainder when 3556 is divided by 850.
156
Calculate the remainder when 3171 is divided by 51.
9
Calculate the remainder when 7593 is divided by 772.
645
Calculate the remainder when 11897 is divided by 93.
86
What is the remainder when 4427805 is divided by 352?
349
What is the remainder when 21070 is divided by 2340?
10
Calculate the remainder when 53034 is divided by 39.
33
Calculate the remainder when 6241 is divided by 5751.
490
Calculate the remainder when 4184 is divided by 14.
12
What is the remainder when 20607 is divided by 976?
111
What is the remainder when 1179427 is divided by 581?
578
Calculate the remainder when 2125 is divided by 55.
35
Calculate the remainder when 9456 is divided by 308.
216
What is the remainder when 4660 is divided by 130?
110
What is the remainder when 7436193 is divided by 603?
600
Calculate the remainder when 31921 is divided by 1030.
1021
What is the remainder when 3668181 is divided by 479?
478
What is the remainder when 4497 is divided by 857?
212
Calculate the remainder when 20357 is divided by 40.
37
Calculate the remainder when 712 is divided by 578.
134
Calculate the remainder when 6571 is divided by 80.
11
What is the remainder when 9243 is divided by 2253?
231
What is the remainder when 25300 is divided by 378?
352
What is the remainder when 377517 is divided by 40?
37
Calculate the remainder when 1161 is divided by 194.
191
What is the remainder when 134504 is divided by 49?
48
Calculate the remainder when 168827 is divided by 56219.
170
Calculate the remainder when 8181 is divided by 19.
11
What is the remainder when 59691 is divided by 251?
204
What is the remainder when 4411 is divided by 68?
59
What is the remainder when 2153358 is divided by 1244?
1238
What is the remainder when 2095672 is divided by 574?
572
Calculate the remainder when 141381 is divided by 446.
445
What is the remainder when 98522 is divided by 352?
314
Calculate the remainder when 1529 is divided by 666.
197
What is the remainder when 10864 is divided by 444?
208
What is the remainder when 5113 is divided by 270?
253
What is the remainder when 16054 is divided by 89?
34
What is the remainder when 3163 is divided by 521?
37
Calculate the remainder when 119672 is divided by 9.
8
Calculate the remainder when 138629 is divided by 17327.
13
What is the remainder when 34668 is divided by 91?
88
Calculate the remainder when 87388 is divided by 80.
28
Calculate the remainder when 23582 is divided by 337.
329
Calculate the remainder when 9111 is divided by 76.
67
What is the remainder when 37217 is divided by 19?
15
Calculate the remainder when 2238 is divided by 349.
144
What is the remainder when 76092 is divided by 95?
92
What is the remainder when 282 is divided by 39?
9
What is the remainder when 80993 is divided by 757?
751
What is the remainder when 60354 is divided by 12066?
24
What is the remainder when 17574 is divided by 1934?
168
Calculate the remainder when 269948 is divided by 10.
8
What is the remainder when 21678 is divided by 133?
132
Calculate the remainder when 11740 is divided by 1370.
780
Calculate the remainder when 792 is divided by 440.
352
Calculate the remainder when 4765 is divided by 125.
15
Calculate the remainder when 3272 is divided by 1173.
926
Calculate the remainder when 564845 is divided by 275.
270
Calculate the remainder when 3796 is divided by 634.
626
Calculate the remainder when 5209 is divided by 31.
1
Calculate the remainder when 33604 is divided by 162.
70
Calculate the remainder when 3162 is divided by 73.
23
What is the remainder when 213905 is divided by 212?
209
What is the remainder when 10825 is divided by 1003?
795
Calculate the remainder when 42125 is divided by 68.
33
Calculate the remainder when 6189 is divided by 556.
73
Calculate the remainder when 181915 is divided by 433.
55
Calculate the remainder when 5138 is divided by 4734.
404
Calculate the remainder when 55874 is divided by 97.
2
Calculate the remainder when 159987 is divided by 4845.
102
What is the remainder when 305657 is divided by 340?
337
Calculate the remainder when 6488 is divided by 57.
47
What is the remainder when 51806 is divided by 6475?
6
Calculate the remainder when 55 is divided by 39.
16
Calculate the remainder when 129940 is divided by 3508.
144
Calculate the remainder when 19978 is divided by 1662.
34
What is the remainder when 292 is divided by 15?
7
Calculate the remainder when 177871 is divided by 391.
357
What is the remainder when 768 is divided by 160?
12